4 and 31324?
164
Calculate the greatest common factor of 32 and 336.
16
What is the greatest common divisor of 236 and 2?
2
Calculate the highest common factor of 3200 and 256.
128
Calculate the greatest common divisor of 513 and 38.
19
Calculate the highest common factor of 416 and 39.
13
What is the highest common factor of 20291 and 412?
103
Calculate the greatest common factor of 220 and 17105.
55
Calculate the greatest common divisor of 5835 and 30.
15
Calculate the greatest common factor of 30 and 40.
10
Calculate the greatest common divisor of 57 and 10.
1
Calculate the greatest common factor of 715 and 871.
13
Calculate the highest common factor of 752 and 141.
47
Calculate the greatest common divisor of 26 and 5993.
13
Calculate the highest common divisor of 54 and 918.
54
Calculate the greatest common factor of 267 and 3649.
89
Calculate the highest common factor of 360 and 328.
8
What is the highest common divisor of 52 and 416?
52
Calculate the highest common factor of 5713 and 29.
29
What is the greatest common factor of 6902 and 714?
238
What is the highest common divisor of 3756 and 12?
12
What is the greatest common factor of 637 and 1547?
91
What is the highest common factor of 121 and 11?
11
What is the highest common factor of 12257 and 51?
17
Calculate the greatest common factor of 30 and 9.
3
What is the greatest common divisor of 18766 and 11?
11
What is the greatest common divisor of 15490 and 30?
10
Calculate the greatest common divisor of 16 and 1066.
2
What is the highest common divisor of 28 and 6?
2
Calculate the highest common factor of 14137 and 211.
211
Calculate the highest common factor of 195 and 117.
39
Calculate the greatest common factor of 1316 and 476.
28
What is the highest common divisor of 196 and 280?
28
Calculate the highest common factor of 21 and 25557.
21
What is the highest common divisor of 52473 and 3?
3
Calculate the greatest common divisor of 775 and 930.
155
What is the greatest common divisor of 2 and 270?
2
What is the greatest common divisor of 16 and 400?
16
Calculate the highest common divisor of 18632 and 32.
8
Calculate the highest common divisor of 70 and 14.
14
Calculate the highest common divisor of 17 and 3893.
17
What is the highest common divisor of 21 and 4137?
21
Calculate the highest common factor of 63 and 84.
21
What is the highest common factor of 112 and 210?
14
Calculate the highest common divisor of 425 and 565.
5
Calculate the highest common factor of 441 and 245.
49
Calculate the greatest common factor of 540 and 20.
20
What is the greatest common factor of 16 and 392?
8
What is the highest common factor of 1751 and 17?
17
Calculate the greatest common factor of 226 and 2599.
113
Calculate the highest common divisor of 434 and 56.
14
What is the highest common divisor of 11 and 14190?
11
What is the greatest common divisor of 3608 and 1232?
88
What is the greatest common divisor of 7742 and 316?
158
What is the highest common divisor of 316 and 76?
4
Calculate the greatest common factor of 11136 and 174.
174
What is the greatest common divisor of 30 and 345?
15
Calculate the highest common factor of 140 and 5540.
20
Calculate the highest common factor of 18 and 279.
9
Calculate the greatest common divisor of 256 and 1184.
32
Calculate the greatest common factor of 308 and 693.
77
Calculate the highest common factor of 33291 and 274.
137
What is the highest common factor of 3368 and 8?
8
Calculate the highest common divisor of 26 and 10465.
13
Calculate the highest common factor of 1351 and 77.
7
Calculate the highest common divisor of 411 and 3.
3
What is the highest common factor of 390 and 90?
30
Calculate the highest common factor of 1680 and 90.
30
Calculate the greatest common divisor of 680 and 1060.
20
Calculate the greatest common factor of 415 and 5.
5
Calculate the greatest common factor of 3088 and 272.
16
What is the highest common divisor of 39140 and 380?
380
Calculate the highest common factor of 12 and 258.
6
What is the greatest common divisor of 1043 and 7?
7
What is the greatest common divisor of 67 and 32897?
67
Calculate the highest common factor of 18 and 63.
9
Calculate the greatest common divisor of 7870 and 10.
10
What is the highest common divisor of 1872 and 576?
144
Calculate the greatest common divisor of 364 and 252.
28
What is the greatest common factor of 375 and 840?
15
What is the greatest common divisor of 28 and 18480?
28
What is the greatest common divisor of 54 and 36?
18
What is the highest common divisor of 184 and 713?
23
Calculate the greatest common factor of 654 and 218.
218
Calculate the greatest common factor of 80 and 15140.
20
What is the greatest common factor of 171 and 9?
9
What is the greatest common factor of 224 and 4064?
32
Calculate the highest common divisor of 1290 and 75.
15
Calculate the highest common factor of 20 and 260.
20
What is the highest common factor of 10422 and 108?
54
Calculate the greatest common factor of 172 and 8342.
86
Calculate the highest common divisor of 7958 and 414.
46
Calculate the greatest common factor of 34 and 6154.
34
Calculate the greatest common divisor of 7 and 19.
1
What is the greatest common factor of 105 and 1029?
21
Calculate the highest common divisor of 18156 and 816.
204
What is the highest common factor of 2256 and 8178?
282
Calculate the highest common factor of 16 and 13.
1
Calculate the highest common factor of 760 and 361.
19
Calculate the highest common divisor of 36 and 1314.
18
Calculate the greatest common factor of 549 and 486.
9
What is the highest common factor of 24 and 812?
4
What is the highest common factor of 96 and 2272?
32
What is the highest common factor of 1912 and 32?
8
What is the highest common factor of 35 and 14?
7
What is the greatest common factor of 1932 and 1196?
92
What is the greatest common divisor of 27 and 261?
9
Calculate the greatest common factor of 576 and 4224.
192
Calculate the greatest common factor of 803 and 511.
73
Calculate the highest common factor of 3577 and 365.
73
Calculate the greatest common factor of 288 and 504.
72
What is the highest common factor of 315 and 651?
21
Calculate the highest common divisor of 114 and 7144.
38
What is the highest common divisor of 175 and 475?
25
Calculate the highest common divisor of 14 and 119000.
14
Calculate the greatest common factor of 18227 and 11.
11
What is the highest common divisor of 38 and 1216?
38
Calculate the highest common divisor of 7 and 1484.
7
What is the highest common factor of 44 and 748?
44
Calculate the highest common factor of 2077 and 67.
67
Calculate the highest common factor of 4671 and 27.
27
What is the highest common factor of 17 and 48042?
17
What is the greatest common divisor of 2400 and 240?
240
What is the greatest common divisor of 688 and 86?
86
What is the greatest common divisor of 22 and 891?
11
What is the greatest common divisor of 2054 and 395?
79
Calculate the greatest common factor of 5348 and 4.
4
Calculate the highest common factor of 372 and 10974.
186
Calculate the greatest common factor of 24 and 612.
12
What is the greatest common factor of 472 and 40?
8
What is the greatest common factor of 144 and 6192?
144
Calculate the greatest common divisor of 255 and 1955.
85
What is the greatest common factor of 34 and 136?
34
Calculate the greatest common factor of 10 and 10970.
10
Calculate the greatest common factor of 39 and 8359.
13
What is the highest common factor of 80 and 10?
10
Calculate the greatest common divisor of 540 and 4.
4
What is the highest common divisor of 11132 and 1288?
92
What is the greatest common divisor of 6045 and 124?
31
What is the highest common factor of 10 and 110?
10
Calculate the greatest common factor of 700 and 28.
28
What is the greatest common divisor of 2905 and 35?
35
Calculate the greatest common divisor of 9 and 15.
3
What is the highest common divisor of 4 and 5932?
4
What is the greatest common factor of 54 and 342?
18
Calculate the greatest common divisor of 34 and 1887.
17
What is the highest common factor of 51 and 1173?
51
Calculate the highest common factor of 22 and 275.
11
What is the highest common divisor of 2790 and 40?
10
What is the greatest common factor of 26075 and 25?
25
C